b + 1. Let a(h) = h**2 + 1. What is the units digit of a(b)?
5
Suppose 2*q - 16 = 14. What is the units digit of q?
5
Suppose -7*f + 13 = -8. Suppose -5*k + 41 = -f*b + 4*b, 0 = -5*b + 3*k + 121. What is the units digit of b?
6
Let l = 464 - 319. What is the hundreds digit of l?
1
Let w(u) = -u**3 - u**2 + 7. Let x = -4 - -4. What is the units digit of w(x)?
7
Suppose -6*d = -4*d - 664. What is the tens digit of d?
3
Suppose 0 = -2*r - 24 + 122. What is the units digit of r?
9
Suppose -2*i = 3*i - 25. Suppose -2*h = -i*h - 12. What is the tens digit of h/6*(-45)/3?
1
Let v(f) = -f - 10. Let q be v(-13). Suppose -q = i - 49. What is the units digit of i?
6
Let c(o) = 3*o + 5. What is the tens digit of c(3)?
1
Let n be (4/(-8))/(2/(-20)). Suppose y + 4*r = -4*y + 38, 3*r - 36 = -n*y. What is the units digit of y?
6
Let k(w) = -3*w + 3. Let z be k(3). Let o be ((-2)/z)/(2/12). What is the units digit of 1*(-1)/o*-22?
1
Let s(v) = 4 - 3 - 8*v - 63*v. Let d be s(1). What is the units digit of ((-8)/10)/(4/d)?
4
Let f(p) = p**3 + 18*p**2 + 54*p + 23. What is the units digit of f(-13)?
6
Suppose -2*k = -0*k - 8. Suppose k = 3*h - 2*h. What is the units digit of h?
4
Suppose -4*m - m = p - 1732, 2*p + 1034 = 3*m. What is the hundreds digit of m?
3
Suppose 4*w - 9 = 3*k + 23, 3*k + 2 = -2*w. Suppose w*x = -53 + 228. What is the tens digit of x?
3
Let m = 464 - 20. What is the units digit of m?
4
Let w be -2 + 0 + 4/1. Let u = -10 - -12. What is the units digit of 1 + w - (-2)/u?
4
Suppose 0*c - 25 = 5*c, -3*c = j + 7. Let f(u) = u**2 - 8*u + 9. What is the units digit of f(j)?
9
Suppose 3*k - 5*p - 647 = 0, -553 = -4*k - 5*p + 368. What is the hundreds digit of k?
2
Suppose 10 = -2*d + 3*d. Suppose k + 0*k = d. What is the units digit of k?
0
Let a(u) = 11*u**2 - 2*u - 1. Suppose 0 = 4*c - 3*c + 1. What is the tens digit of a(c)?
1
Let v = 27 + -3. What is the tens digit of v?
2
Let l be (2/3)/((-1)/(-3)). Suppose 20 = a - y + 6*y, -20 = -l*a - 5*y. Suppose -d + 18 = -a*d. What is the units digit of d?
8
Let u = -4 - -8. Let l be (-83)/(-9) + u/(-18). Suppose -4*x - 29 + 2 = -3*a, 3*x + l = 0. What is the units digit of a?
5
Let u(h) = -h**2 + 10*h - 8. Suppose -3 = 4*a - 27. What is the units digit of u(a)?
6
Let j(o) = 334*o**2. What is the tens digit of j(-1)?
3
Suppose -4*w - d - d + 14 = 0, 5*w - d - 21 = 0. Let r = w + -1. What is the units digit of r?
3
Let j(w) = 2*w**2 - 28*w + 16. What is the units digit of j(14)?
6
Suppose 0 = -0*p + 7*p - 924. What is the hundreds digit of p?
1
Let x be (-3)/(-9) + 7/(-3). What is the units digit of x/((-1)/(22/4))?
1
Let z(d) = 32*d - 2. Let l be z(1). Suppose p = 5*k + 22, p - 5*p + 12 = -k. Suppose p*h - l = -h. What is the tens digit of h?
1
Let b(t) = 4*t**2 - t. Let x be b(1). Suppose 0 = -8*s + x*s + 5. Suppose a - 6 = -s. What is the units digit of a?
5
Let d be (-5)/((-4 + 3)/3). What is the tens digit of (-2)/(-6) + 220/d?
1
Let x = 4 - -10. Let d = x - 8. What is the units digit of 4/d + (-32)/(-6)?
6
Let b be (-1)/(-1 - (-8)/6). Let z be (-8 - -5)*(-23)/b. Let c = z + 34. What is the tens digit of c?
1
Let q = 83 - 49. What is the units digit of q?
4
Let f(n) = 3*n**2 + 4*n. Let r be f(3). Suppose -4*q + 117 = -r. What is the tens digit of q?
3
Let w(h) = -h**2 + 12*h - 9. Let o be w(11). What is the units digit of (3/o)/(6/4)?
1
Let r(k) = k**2 + 7*k**2 + 1 + 22*k - 21*k. What is the units digit of r(-1)?
8
Let f = 559 - 328. What is the hundreds digit of f?
2
Let w = 117 - 58. What is the units digit of w?
9
Let h(f) = -13*f**2. Let p be h(1). What is the units digit of 1784/104 - (-2)/p?
7
Suppose -7*g - 30 = -2*g. Let k(i) = -i**3 - 5*i**2 + 7*i + 8. Let a be k(g). Suppose -8 = -a*p - 0*p. What is the units digit of p?
4
Let b = -61 - -43. What is the tens digit of (b/12)/((-3)/38)?
1
Suppose -11*o + 660 = -5*o. What is the tens digit of o?
1
What is the units digit of 6/9*-1 - (-321)/9?
5
Suppose 3*t - 16 - 5 = -3*z, t + 4*z - 10 = 0. What is the units digit of t?
6
Let y(v) = -v**3 - 5*v**2 - 2*v - 6. Let g be y(-5). Suppose 0*f + 2*f = s + 1, 3*f - g*s = -6. What is the units digit of (2 - 5/f)*-18?
9
Let v be (0 - 1)*(-16 + -1). Let o(i) = i - 5. Let d be o(7). Suppose 3*u - v = d*u. What is the units digit of u?
7
Let u be -1*(0 + 0/3). Suppose u = 3*h - 4*h + 4. What is the units digit of h?
4
Let c(x) = 17*x - 22. What is the units digit of c(13)?
9
Let m be (0/((-6)/2))/1. Let a = -3 + 1. Let g = m - a. What is the units digit of g?
2
Let j = -21 + 45. Suppose 3*h - j = 2*q - 1, 4*h + q = 38. What is the units digit of h?
9
Let c be -7*(-2 - (3 - 2)). What is the tens digit of (c/2 - -3)*2?
2
Let w(x) = 2*x - 2. Let o be w(2). Let c be (o - (3 - 2)) + 0. What is the units digit of c/5 + (-216)/(-20)?
1
Let h = 17 + 14. Suppose 29 = 3*k - h. What is the tens digit of k?
2
Suppose -12 = 7*t - 4*t. Let r = t + 7. Suppose 0 = -r*u + 2*q + 37, -5*u - q + 24 + 29 = 0. What is the units digit of u?
1
Let p be -5 + 1 + 0/1. What is the units digit of p*(-3 + 1 + 1)?
4
Let u(d) = -d**2 + 4*d + 2. Let f be u(4). Suppose -4*p + 3*p = -f. Suppose -p*m + 76 = 2*m. What is the units digit of m?
9
Let q = 67 - 37. Let m = -8 + q. What is the units digit of m?
2
Let c(t) = t - 3. Let o be c(6). Suppose -7*w = -o*w - 24. What is the units digit of w?
6
Let k(y) = -7*y. Let z be k(-3). Suppose 3 = -c + z. What is the tens digit of c?
1
Let w(o) = o**2 + 7*o - 3. Let p be w(-9). Let b(s) = 10*s**2 - 1. Let x be b(-1). Suppose x = 3*h - p. What is the units digit of h?
8
Let b(k) be the first derivative of 2*k**6/45 + k**4/24 - 4*k**3/3 - 2. Let x(f) be the third derivative of b(f). What is the units digit of x(-1)?
7
Let g be 14 + 6/(4 + -1). Let o = -8 + g. What is the units digit of o?
8
Let x = 17 - 15. Let n(q) = 2*q**2 + 3 + 0 - 3*q - 2. What is the units digit of n(x)?
3
Let o = -8 + 13. Suppose -o*y + 9 = -m - 12, y - 9 = -m. Let x(i) = -i**3 + 5*i**2 - i + 3. What is the units digit of x(m)?
5
Suppose d - 3*l = -13, 5*d + 0 = -3*l + 25. Suppose 0 = -i - d*i + 39. What is the units digit of i?
3
Suppose -4*w = -16, -2*p + 608 = 3*w - w. What is the hundreds digit of p?
3
Let f(t) = 25*t - 1. What is the units digit of f(1)?
4
Suppose -c - 5*r + 3 = 0, -4*c + r = -8*c + 88. What is the units digit of c?
3
Suppose 0 = -c - f - 44 + 166, 4*c + 2*f = 488. Suppose 40 - c = -2*t. What is the units digit of t?
1
Suppose 0 = 3*b - b - 10. What is the units digit of b?
5
Suppose -5*m = 0, 0*m = 5*h - 3*m - 5. What is the units digit of (h - 4 - -6) + 1?
4
Let g = 43 - -9. What is the tens digit of (-5)/((-10)/g) + -1?
2
What is the hundreds digit of 26/(-4)*(-3 - 12 - 3)?
1
Let o = -10 - -4. Let q be 9/(o/(-28) - 0). Suppose -3*w + n = -14, 5*w - n - q = -16. What is the units digit of w?
6
Let w(m) = -m**3 - 5*m**2 + 4*m + 7. Let a be w(-5). Let r(t) = -3*t**2 + t - 1. Let o be r(3). Let n = a - o. What is the tens digit of n?
1
Let b(s) = s**2 - 3*s - 2. Suppose 2*o + 2 - 12 = 0. What is the units digit of b(o)?
8
Let v(s) = s**2 - s + 33. Let o(w) = w**2 + 9*w. Let t be o(-9). Let k be v(t). Let c = -17 + k. What is the units digit of c?
6
Let g(p) = 2 + 3*p**3 - 2*p**3 - 2*p**3 + p. Let c = 0 - 0. What is the units digit of g(c)?
2
Let o(j) = 20*j**2 + 3*j. What is the units digit of o(-3)?
1
Let m be 5/(-10) - 11/2. Let s be 8/1*(-3)/m. Suppose 0 = -3*h + t - 2*t + 11, 5*h = -s*t + 30. What is the units digit of h?
2
Let z(s) = -s**3 - 5*s**2 - 6*s - 3. What is the units digit of z(-4)?
5
Let k(b) = -14*b - 1. Suppose -2*y - 2 = -0. What is the units digit of k(y)?
3
Suppose 5*i - 81 = 14. What is the tens digit of i?
1
Let z = -9 + -19. Let p(h) = -h - 1. Let r be p(-9). What is the tens digit of r/z - 100/(-7)?
1
Let y(p) = 8*p - 6. Let v be y(4). Let q = -13 + v. What is the tens digit of q?
1
Let v = 24 + 5. What is the tens digit of v?
2
Let n(w) = 10*w**2 + 2*w - 1. Suppose -f + 2*m = -3, -2*m + 5*m - 2 = -5*f. What is the units digit of n(f)?
1
Let l(u) = u**3 - 9*u**2 + 10*u - 9. What is the units digit of l(8)?
7
Suppose -115 = -2*u + 3. What is the units digit of u?
9
Let w(t) = 10*t. Let v be w(1). Suppose 2*q + 4*m = v, 0*m = 3*m. Let a = q - -2. What is the units digit of a?
7
Let 